7 + 1251?
1212
In base 3, what is 20 - -200020120?
200020210
In base 16, what is 3 + 1bc7?
1bca
In base 14, what is -999 - 2?
-99b
In base 8, what is 16715 + -1?
16714
In base 4, what is 11213 + -231?
10322
In base 2, what is 10 + 10111011100101110?
10111011100110000
In base 5, what is 2 + 110301022?
110301024
In base 11, what is 2305 + -15?
22a0
In base 7, what is -10 + -350556?
-350566
In base 14, what is 0 + -1208?
-1208
In base 4, what is 1 + -21212?
-21211
In base 9, what is -4 - -17267?
17263
In base 4, what is 3201 - 301203?
-232002
In base 7, what is 13 + 1060645?
1060661
In base 12, what is 0 - -1120b9?
1120b9
In base 15, what is 0 + -31ae?
-31ae
In base 14, what is -2 + 27969?
27967
In base 5, what is -203334 - 243?
-204132
In base 12, what is 5012 - -31?
5043
In base 4, what is -12330 - -221113?
202123
In base 16, what is -17 - -5036?
501f
In base 3, what is -1 + 1000011112?
1000011111
In base 14, what is 7d7 + 14?
80b
In base 13, what is 6 - -c781?
c787
In base 8, what is 301 + -1525?
-1224
In base 3, what is 22112002 + 110?
22112112
In base 2, what is 100 - -100111111110?
101000000010
In base 5, what is -2420432 - 2?
-2420434
In base 7, what is 114 + -1005?
-561
In base 9, what is -20300 - 18?
-20318
In base 5, what is 1024014 - 1?
1024013
In base 6, what is -1105334 + -2?
-1105340
In base 15, what is 5 + -27377?
-27372
In base 13, what is 343 + -11?
332
In base 16, what is -2 - -2e36?
2e34
In base 16, what is eff0c - -3?
eff0f
In base 16, what is -c96c - 5?
-c971
In base 6, what is -1 - -2442251?
2442250
In base 14, what is -4 + -600?
-604
In base 14, what is 16547 - -16?
1655d
In base 15, what is 8ea - -2ee?
be9
In base 6, what is 45 - 15040?
-14551
In base 8, what is -2 - 14020?
-14022
In base 2, what is 11011110010110000100 + -1?
11011110010110000011
In base 13, what is -1c3c7b + -4?
-1c3c82
In base 4, what is -100210 + 221?
-33323
In base 9, what is 41 + 124727?
124768
In base 3, what is 22102 + -122011?
-22202
In base 4, what is 32 - 3323?
-3231
In base 10, what is -1 + -67788?
-67789
In base 10, what is 198792 - -4?
198796
In base 7, what is 22 - 1114?
-1062
In base 9, what is 3 + 17670?
17673
In base 9, what is 856632 - -4?
856636
In base 4, what is 101310 + 31?
102001
In base 13, what is -4 + 374613?
37460c
In base 7, what is 1051665 - -3?
1052001
In base 14, what is -718 - 17?
-731
In base 5, what is 121 - -3143124?
3143300
In base 10, what is -6257 + -216?
-6473
In base 9, what is -506 + -142?
-648
In base 15, what is 4 + 7b977?
7b97b
In base 15, what is -238 + -1039?
-1272
In base 12, what is 3303 + -8?
32b7
In base 14, what is -88c + 1b?
-871
In base 10, what is -5 - 5848?
-5853
In base 2, what is -100011110001111 - 101?
-100011110010100
In base 11, what is 2671a - -1?
26720
In base 9, what is 640 + -20?
620
In base 3, what is -1012202211 + 111?
-1012202100
In base 12, what is 3 - -172180?
172183
In base 11, what is -529 + 257?
-282
In base 13, what is -4 + b89c9?
b89c5
In base 16, what is -152 + a?
-148
In base 3, what is 1 - -21000101?
21000102
In base 5, what is 422042134 - 2?
422042132
In base 13, what is a6 - ba?
-14
In base 13, what is 118c + 18?
11a7
In base 14, what is -d3a - 45?
-d81
In base 6, what is 11153 - -11402?
22555
In base 6, what is 324 + 125?
453
In base 9, what is -243 - -6846?
6603
In base 4, what is -203 + -20223122?
-20223331
In base 4, what is -220 + -121?
-1001
In base 4, what is -1210131132 - -2?
-1210131130
In base 14, what is -15dd39 + 4?
-15dd35
In base 14, what is -1 + -6011?
-6012
In base 8, what is -4 + -11344?
-11350
In base 9, what is -25486 + -1?
-25487
In base 15, what is 3 - 6649c?
-66499
In base 2, what is 100111101001111001010 + 101?
100111101001111001111
In base 12, what is -199ab6 - 0?
-199ab6
In base 12, what is 5 - -41630?
41635
In base 6, what is -100552 - -44?
-100504
In base 7, what is -15 + 413?
365
In base 16, what is -d + -85c?
-869
In base 13, what is -15 + 9c?
87
In base 14, what is -4 - d4344?
-d4348
In base 4, what is -1 + 230223?
230222
In base 13, what is 3 + 746?
749
In base 6, what is -51 + -1010005?
-1010100
In base 14, what is 320 + 12a?
44a
In base 5, what is 23101102 - -3?
23101110
In base 16, what is 0 + -287b?
-287b
In base 3, what is 220 + 102020?
110010
In base 9, what is -7567 + -1?
-7568
In base 5, what is 4 - -442112?
442121
In base 14, what is -1a24 - a?
-1a30
In base 13, what is -118 + -55?
-170
In base 10, what is -265863 + 3?
-265860
In base 7, what is 2143 + 2315?
4461
In base 10, what is 8149 + 134?
8283
In base 11, what is -1a8 + 978?
780
In base 3, what is -211100122101 - 0?
-211100122101
In base 5, what is -1114 - 1403?
-3022
In base 8, what is 0 + -276731?
-276731
In base 2, what is 1011 + 110110101101110?
110110101111001
In base 6, what is -120122543 + 2?
-120122541
In base 3, what is -1212111 - -101121?
-1110220
In base 10, what is -4 + 596052?
596048
In base 12, what is -1248 + -11?
-1259
In base 6, what is -235030 + 14?
-235012
In base 12, what is -2 + -80ab4?
-80ab6
In base 4, what is 210312111033 - 3?
210312111030
In base 7, what is 14046 + -4?
14042
In base 8, what is 532 - -137?
671
In base 9, what is -20 - 110305?
-110325
In base 16, what is a43e - 1?
a43d
In base 14, what is 9 + -419b?
-4192
In base 16, what is 131 - -d0?
201
In base 13, what is 48 + 2ca7?
3022
In base 12, what is 227219 + -1?
227218
In base 13, what is 42 + 1c30?
1c72
In base 6, what is 300104 - 245?
255415
In base 7, what is -23 + -20624?
-20650
In base 12, what is -316 + 92?
-244
In base 14, what is -1329 + 5d?
-12aa
In base 11, what is 1002a74 + -4?
1002a70
In base 5, what is 1000 - -33324?
34324
In base 11, what is -4 + 11a5?
11a1
In base 6, what is -3311 + -141?
-3452
In base 13, what is -c59 - -4?
-c55
In base 10, what is 8389 - -18?
8407
In base 15, what is d - 7e5?
-7d7
In base 4, what is -231223021 + -3?
-231223030
In base 3, what is 202 + -1200021?
-1122112
In base 11, what is -490 + 201?
-28a
In base 8, what is -247 - 734?
-1203
In base 10, what is -35 + -6389?
-6424
In base 7, what is 0 - -510101?
510101
In base 11, what is 128 - -33a?
467
In base 7, what is 1550445 - 35?
1550410
In base 2, what is 110111000011111100011 + -11?
110111000011111100000
In base 9, what is -1001 - -6453?
5452
In base 10, what is -11236 + -24?
-11260
In base 13, what is 12b - -8a?
1b8
In base 9, what is -11608 + 1033?
-10565
In base 2, what is -10111 + 1010000100100000?
1010000100001001
In base 14, what is -15965 + -4?
-15969
In base 10, what is 11 + -4836?
-4825
In base 12, what is -49b0 - -2?
-49aa
In base 6, what is -50344 + -400?
-51144
In base 11, what is 10 - -16496?
164a6
In base 9, what is 5321 - 31?
5280
In base 14, what is -15 + -134d3?
-13508
In base 12, what is 11 - -40316?
40327
In base 2, what is -1100001011101100 - -1101?
-1100001011011111
In base 10, what is 72322 - 3?
72319
In base 10, what is 48 - -2646?
2694
In base 7, what is 2 + -1301201?
-1301166
In base 4, what is 3123 + 10232?
20021
In base 7, what is -10 + 15251?
15241
In base 15, what is 5 - 3bca?
-3bc5
In base 9, what is -10100 - -206?
-8783
In base 16, what is -31 - 1fb?
-22c
In base 3, what is -11110 + -100100?
-111210
In base 16, what is 1f - -19c?
1bb
In base 16, what is -aca1 - 0?
-aca1
In base 3, what is 1200010011 - -22?
1200010110
In base 2, what is 10 + 111011001100011101?
111011001100011111
In base 16, what is e1e48 - 2?
e1e46
In base 14, what is 8 - -3cb2?
3cba
In base 13, what is 9a75 + 15?
9a8a
In base 7, what is -11543 + -1?
-11544
In base 14, what is -db + -ab?
-1a8
In base 12, what is 1474b1 - -2?
1474b3
In base 6, what is -43 - 115335?
-115422
In base 8, what is -5 - 116534?
-116541
In base 4, what is 31123 - 1013?
30110
In base 8, what is -750751 - 5?
-750756
In base 13, what is -9 + c0?
b4
In base 11, what is 18 + -4a2?
-485
In base 3, what is 11220210211 + -12?
11220210122
In base 13, what is 5ca + -1a?
5b0
In base 9, what is 1 - 1410202?
-1410201
In base 7, what is 5 + -4326332?
-4326324
In base 15, what is -c34 + -53?
-c87
In base 16, what is -483 + 9f?
-3e4
In base 10, what is 1984 + 702?
2686
In base 8, what is -60451 - -4?
-60445
In base 5, what is -14313303 + 0?
-14313303
In base 2, what is 1001 - 100010111100?
-100010110011
In base 8, what is 67 - -441?
530
In base 1